{"id":3058,"date":"2021-07-11T15:09:16","date_gmt":"2021-07-11T13:09:16","guid":{"rendered":"https:\/\/www.begal.hr\/?page_id=3058"},"modified":"2021-11-07T20:13:20","modified_gmt":"2021-11-07T18:13:20","slug":"staklene-stijene-pregrade","status":"publish","type":"page","link":"https:\/\/www.begal.hr\/?page_id=3058","title":{"rendered":"<!--:hr-->Metalni prozori, staklene stijene, pregrade<!--:-->"},"content":{"rendered":"<div class=\"gray_text \">\n<table>\n<tbody>\n<tr>\n<td style=\"border: none; vertical-align: middle;\">\n<strong>Prozori i vrata od tankih metalnih profila<\/strong><\/p>\n<p>Povijesne gra\u0111evine tradicionalno su dizajnirane sa mnogim odr\u017eivim zna\u010dajkama, koje su odgovarale klimi i polo\u017eaju.<\/p>\n<p>Dan\u0161njom tehnologijom materijala mo\u017eemo upotpuniti sve zahtijeve povijesnih karakteristika te o\u010duvati tradiciju starih gradova.<\/p>\n<p>Mogu\u0107e je upotrijebiti razna toplinska svojstva i raznolikost sustava za vrata i prozore<\/p>\n<p>Tankim \u017eeljeznim profilima dobivamo ve\u010du prozra\u010dnost i preglednost a samim time posebnu eleganciju.<br \/>\nVrata, prozori od \u010delika ili bronce svojim malim dimenzijama idealan su izbor za starije povijesne gra\u0111evine (Kao \u0161to se nekad radilo) a uklapaju se  i u modernoj arhitekturi. <\/p>\n<td style=\"border: none;\"><img loading=\"lazy\" decoding=\"async\" class=\"alignleft size-medium wp-image-3094\" title=\"tanki metalni profili\" src=\"https:\/\/www.begal.hr\/wp-content\/uploads\/2021\/07\/20210628_145835-e1627227817903-225x300.jpg\" alt=\"\" width=\"225\" height=\"300\" srcset=\"https:\/\/www.begal.hr\/wp-content\/uploads\/2021\/07\/20210628_145835-e1627227817903-225x300.jpg 225w, https:\/\/www.begal.hr\/wp-content\/uploads\/2021\/07\/20210628_145835-e1627227817903-113x150.jpg 113w, https:\/\/www.begal.hr\/wp-content\/uploads\/2021\/07\/20210628_145835-e1627227817903.jpg 600w\" sizes=\"auto, (max-width: 225px) 100vw, 225px\" \/><\/td>\n<td style=\"border: none;\"><img loading=\"lazy\" decoding=\"async\" class=\"alignleft size-medium wp-image-3095\" title=\"tanki metalni profili\" src=\"https:\/\/www.begal.hr\/wp-content\/uploads\/2021\/07\/20210525_101836-300x225.jpg\" alt=\"\" width=\"300\" height=\"225\" srcset=\"https:\/\/www.begal.hr\/wp-content\/uploads\/2021\/07\/20210525_101836-300x225.jpg 300w, https:\/\/www.begal.hr\/wp-content\/uploads\/2021\/07\/20210525_101836-150x113.jpg 150w, https:\/\/www.begal.hr\/wp-content\/uploads\/2021\/07\/20210525_101836-768x576.jpg 768w, https:\/\/www.begal.hr\/wp-content\/uploads\/2021\/07\/20210525_101836.jpg 800w\" sizes=\"auto, (max-width: 300px) 100vw, 300px\" \/><\/td>\n<\/tr>\n<\/tbody>\n<\/table>\n<p> Toplo-hladno vljanim profilima posti\u017ee se minimalna ukupna dimenzija dovratnika-(\u0161tok) i krila svega 55mm \u0161to je idealno rje\u0161enje za uske prolaze gdje bi dobili na ve\u010dem otvoru, time se dobiva mnogo vi\u0161e dnevnog svijetla. Dok kod fiksnih dijelova \u0161irina metalno prozorskog profila je svega 22mm.<br \/>\nIdealna zamjena drvenih duplih prozora.\n<\/p><\/div>\n<div class=\"gray_text\" style=\"width: 850px; padding: 5px 10px;\">\n<table style=\"border-spacing: 0px;\">\n<tbody>\n<tr>\n<td style=\"border: none; vertical-align: middle; text-align: center;\">Termo metalni profil<\/td>\n<td style=\"border: none; vertical-align: middle; text-align: center;\">Hladni metalni profil<\/td>\n<td style=\"border: none; vertical-align: middle; text-align: center;\">presjek metalna vrata<\/td>\n<\/tr>\n<tr>\n<td style=\"border: none; vertical-align: middle;\"><a href=\"https:\/\/www.begal.hr\/wp-content\/uploads\/2021\/07\/termo-50-e1635422715868.png\" rel=\"lightbox[3058]\"><img loading=\"lazy\" decoding=\"async\" class=\"size-full wp-image-3102 alignnone\" title=\"termo-50\" src=\"https:\/\/www.begal.hr\/wp-content\/uploads\/2021\/07\/termo-50-e1635422715868-232x300.png\" alt=\"\" width=\"232\" height=\"300\" srcset=\"https:\/\/www.begal.hr\/wp-content\/uploads\/2021\/07\/termo-50-e1635422715868-232x300.png 232w, https:\/\/www.begal.hr\/wp-content\/uploads\/2021\/07\/termo-50-e1635422715868-116x150.png 116w, https:\/\/www.begal.hr\/wp-content\/uploads\/2021\/07\/termo-50-e1635422715868.png 383w\" sizes=\"auto, (max-width: 232px) 100vw, 232px\" \/><\/a><\/td>\n<td style=\"border: none; vertical-align: middle;\"><a href=\"https:\/\/www.begal.hr\/wp-content\/uploads\/2021\/07\/metalna-vrata.png\" rel=\"lightbox[3058]\"><img loading=\"lazy\" decoding=\"async\" class=\"size-full wp-image-3103\" alignnone\" title=\"metalna-vrata\" src=\"https:\/\/www.begal.hr\/wp-content\/uploads\/2021\/07\/metalna-vrata-159x300.png\" alt=\"\" width=\"159\" height=\"300\" srcset=\"https:\/\/www.begal.hr\/wp-content\/uploads\/2021\/07\/metalna-vrata-159x300.png 159w, https:\/\/www.begal.hr\/wp-content\/uploads\/2021\/07\/metalna-vrata-79x150.png 79w, https:\/\/www.begal.hr\/wp-content\/uploads\/2021\/07\/metalna-vrata.png 177w\" sizes=\"auto, (max-width: 159px) 100vw, 159px\" \/><\/a><\/td>\n<td style=\"border: none; vertical-align: middle;\"><img loading=\"lazy\" decoding=\"async\" class=\"size-full wp-image-3105 alignnone\" title=\"dimenzije\" src=\"https:\/\/www.begal.hr\/wp-content\/uploads\/2021\/07\/dimenzije.png\" alt=\"\" width=\"206\" height=\"163\" srcset=\"https:\/\/www.begal.hr\/wp-content\/uploads\/2021\/07\/dimenzije.png 206w, https:\/\/www.begal.hr\/wp-content\/uploads\/2021\/07\/dimenzije-150x119.png 150w\" sizes=\"auto, (max-width: 206px) 100vw, 206px\" \/><\/td>\n<\/td>\n<\/tr>\n<\/tbody>\n<\/table>\n<\/div>\n<div style=\"clear: both;\"><\/div>\n<div class=\"gray_text \" style=\"float: left; width: 838px; height: 325px;\"><a href=\"https:\/\/www.begal.hr\/wp-content\/uploads\/2021\/07\/20200317_092009-e1626010561870.jpg\" rel=\"lightbox[3058]\"><img loading=\"lazy\" decoding=\"async\" src=\"https:\/\/www.begal.hr\/wp-content\/uploads\/2021\/07\/20200317_092009-e1626010561870-146x300.jpg\" alt=\"\" width=\"146\" height=\"300\" class=\"alignleft size-medium wp-image-3069\" srcset=\"https:\/\/www.begal.hr\/wp-content\/uploads\/2021\/07\/20200317_092009-e1626010561870-146x300.jpg 146w, https:\/\/www.begal.hr\/wp-content\/uploads\/2021\/07\/20200317_092009-e1626010561870-73x150.jpg 73w, https:\/\/www.begal.hr\/wp-content\/uploads\/2021\/07\/20200317_092009-e1626010561870.jpg 388w\" sizes=\"auto, (max-width: 146px) 100vw, 146px\" \/><\/a><\/p>\n<p><a href=\"https:\/\/www.begal.hr\/wp-content\/uploads\/2021\/07\/20200317_091943.jpg\" rel=\"lightbox[3058]\"><img loading=\"lazy\" decoding=\"async\" src=\"https:\/\/www.begal.hr\/wp-content\/uploads\/2021\/07\/20200317_091943-300x146.jpg\" alt=\"\" width=\"300\" height=\"146\" class=\"alignleft size-medium wp-image-3068\" srcset=\"https:\/\/www.begal.hr\/wp-content\/uploads\/2021\/07\/20200317_091943-300x146.jpg 300w, https:\/\/www.begal.hr\/wp-content\/uploads\/2021\/07\/20200317_091943-150x73.jpg 150w, https:\/\/www.begal.hr\/wp-content\/uploads\/2021\/07\/20200317_091943-768x372.jpg 768w, https:\/\/www.begal.hr\/wp-content\/uploads\/2021\/07\/20200317_091943.jpg 800w\" sizes=\"auto, (max-width: 300px) 100vw, 300px\" \/><\/a><br \/>\n<a href=\"https:\/\/www.begal.hr\/wp-content\/uploads\/2021\/07\/20200207_154400.jpg\" rel=\"lightbox[3058]\"><img loading=\"lazy\" decoding=\"async\" src=\"https:\/\/www.begal.hr\/wp-content\/uploads\/2021\/07\/20200207_154400-300x146.jpg\" alt=\"\" width=\"300\" height=\"146\" class=\"alignleft size-medium wp-image-3067\" srcset=\"https:\/\/www.begal.hr\/wp-content\/uploads\/2021\/07\/20200207_154400-300x146.jpg 300w, https:\/\/www.begal.hr\/wp-content\/uploads\/2021\/07\/20200207_154400-150x73.jpg 150w, https:\/\/www.begal.hr\/wp-content\/uploads\/2021\/07\/20200207_154400-768x372.jpg 768w, https:\/\/www.begal.hr\/wp-content\/uploads\/2021\/07\/20200207_154400.jpg 800w\" sizes=\"auto, (max-width: 300px) 100vw, 300px\" \/><\/a>\n<\/div>\n<div class=\"gray_text \" style=\"float: left; width: 838px; height: 225px;\">\n<table>\n<tbody>\n<tr>\n<td style=\"border: none; vertical-align: middle;\"><a href=\"http:\/\/www.begal.hr\/wp-content\/uploads\/2012\/04\/IMG_20140221_102702.jpg\" rel=\"lightbox[3058]\"><img loading=\"lazy\" decoding=\"async\" class=\"alignleft\" src=\"http:\/\/www.begal.hr\/wp-content\/uploads\/2012\/04\/IMG_20140221_102702-150x84.jpg\" alt=\"IMG_20140221_102702\" width=\"150\" height=\"84\" \/><\/a><\/td>\n<td style=\"border: none; vertical-align: middle;\"><a href=\"http:\/\/www.begal.hr\/wp-content\/uploads\/2012\/04\/IMG_20140221_102737.jpg\" rel=\"lightbox[3058]\"><img loading=\"lazy\" decoding=\"async\" class=\"alignleft\" src=\"http:\/\/www.begal.hr\/wp-content\/uploads\/2012\/04\/IMG_20140221_102737-150x84.jpg\" alt=\"IMG_20140221_102737\" width=\"150\" height=\"84\" \/><\/a><\/td>\n<td style=\"border: none; vertical-align: middle;\"><a href=\"http:\/\/www.begal.hr\/wp-content\/uploads\/2012\/04\/IMG_20140221_102853.jpg\" rel=\"lightbox[3058]\"><img loading=\"lazy\" decoding=\"async\" class=\"alignleft\" src=\"http:\/\/www.begal.hr\/wp-content\/uploads\/2012\/04\/IMG_20140221_102853-150x84.jpg\" alt=\"IMG_20140221_102853\" width=\"150\" height=\"84\" \/><\/a>\n<\/td>\n<p>sigurnosna staklena ograda, staklena stijena na galeriji <\/p>\n<td style=\"border: none; vertical-align: middle;\"><a href=\"http:\/\/www.begal.hr\/wp-content\/uploads\/2012\/04\/IMG_20140221_110613.jpg\" rel=\"lightbox[3058]\"><img loading=\"lazy\" decoding=\"async\" class=\"alignleft\" src=\"http:\/\/www.begal.hr\/wp-content\/uploads\/2012\/04\/IMG_20140221_110613-84x150.jpg\" alt=\"IMG_20140221_110613\" width=\"84\" height=\"150\" \/><\/a><\/td>\n<td style=\"border: none; vertical-align: middle;\"><a href=\"http:\/\/www.begal.hr\/wp-content\/uploads\/2012\/04\/IMG_20140221_110518.jpg\" rel=\"lightbox[3058]\"><img loading=\"lazy\" decoding=\"async\" class=\"alignleft\" src=\"http:\/\/www.begal.hr\/wp-content\/uploads\/2012\/04\/IMG_20140221_110518-84x150.jpg\" alt=\"IMG_20140221_110518\" width=\"84\" height=\"150\" \/><\/a><\/td>\n<\/tr>\n<\/tbody>\n<\/table>\n<\/div>\n","protected":false},"excerpt":{"rendered":"<p>Prozori i vrata od tankih metalnih profila Povijesne gra\u0111evine tradicionalno su dizajnirane sa mnogim odr\u017eivim zna\u010dajkama, koje su odgovarale klimi i polo\u017eaju. Dan\u0161njom tehnologijom materijala mo\u017eemo upotpuniti sve zahtijeve povijesnih karakteristika te o\u010duvati tradiciju starih gradova. Mogu\u0107e je upotrijebiti razna toplinska svojstva i raznolikost sustava za vrata i prozore Tankim \u017eeljeznim profilima dobivamo ve\u010du prozra\u010dnost [&hellip;]<\/p>\n","protected":false},"author":1,"featured_media":0,"parent":0,"menu_order":0,"comment_status":"closed","ping_status":"closed","template":"","meta":{"footnotes":""},"class_list":["post-3058","page","type-page","status-publish","hentry"],"yoast_head":"<!-- This site is optimized with the Yoast SEO plugin v24.0 - https:\/\/yoast.com\/wordpress\/plugins\/seo\/ -->\n<title>Metalni prozori, staklene stijene, pregrade - Begal<\/title>\n<meta name=\"robots\" content=\"index, follow, max-snippet:-1, max-image-preview:large, max-video-preview:-1\" \/>\n<link rel=\"canonical\" href=\"https:\/\/www.begal.hr\/?page_id=3058\" \/>\n<meta property=\"og:locale\" content=\"en_US\" \/>\n<meta property=\"og:type\" content=\"article\" \/>\n<meta property=\"og:title\" content=\"Metalni prozori, staklene stijene, pregrade - Begal\" \/>\n<meta property=\"og:description\" content=\"Prozori i vrata od tankih metalnih profila Povijesne gra\u0111evine tradicionalno su dizajnirane sa mnogim odr\u017eivim zna\u010dajkama, koje su odgovarale klimi i polo\u017eaju. Dan\u0161njom tehnologijom materijala mo\u017eemo upotpuniti sve zahtijeve povijesnih karakteristika te o\u010duvati tradiciju starih gradova. Mogu\u0107e je upotrijebiti razna toplinska svojstva i raznolikost sustava za vrata i prozore Tankim \u017eeljeznim profilima dobivamo ve\u010du prozra\u010dnost [&hellip;]\" \/>\n<meta property=\"og:url\" content=\"https:\/\/www.begal.hr\/?page_id=3058\" \/>\n<meta property=\"og:site_name\" content=\"Begal\" \/>\n<meta property=\"article:modified_time\" content=\"2021-11-07T18:13:20+00:00\" \/>\n<meta property=\"og:image\" content=\"https:\/\/www.begal.hr\/wp-content\/uploads\/2021\/07\/20210628_145835-e1627227817903.jpg\" \/>\n\t<meta property=\"og:image:width\" content=\"600\" \/>\n\t<meta property=\"og:image:height\" content=\"800\" \/>\n\t<meta property=\"og:image:type\" content=\"image\/jpeg\" \/>\n<meta name=\"twitter:label1\" content=\"Est. reading time\" \/>\n\t<meta name=\"twitter:data1\" content=\"1 minute\" \/>\n<script type=\"application\/ld+json\" class=\"yoast-schema-graph\">{\"@context\":\"https:\/\/schema.org\",\"@graph\":[{\"@type\":\"WebPage\",\"@id\":\"https:\/\/www.begal.hr\/?page_id=3058\",\"url\":\"https:\/\/www.begal.hr\/?page_id=3058\",\"name\":\"Metalni prozori, staklene stijene, pregrade - Begal\",\"isPartOf\":{\"@id\":\"https:\/\/www.begal.hr\/#website\"},\"primaryImageOfPage\":{\"@id\":\"https:\/\/www.begal.hr\/?page_id=3058#primaryimage\"},\"image\":{\"@id\":\"https:\/\/www.begal.hr\/?page_id=3058#primaryimage\"},\"thumbnailUrl\":\"https:\/\/www.begal.hr\/wp-content\/uploads\/2021\/07\/20210628_145835-e1627227817903-225x300.jpg\",\"datePublished\":\"2021-07-11T13:09:16+00:00\",\"dateModified\":\"2021-11-07T18:13:20+00:00\",\"breadcrumb\":{\"@id\":\"https:\/\/www.begal.hr\/?page_id=3058#breadcrumb\"},\"inLanguage\":\"en-US\",\"potentialAction\":[{\"@type\":\"ReadAction\",\"target\":[\"https:\/\/www.begal.hr\/?page_id=3058\"]}]},{\"@type\":\"ImageObject\",\"inLanguage\":\"en-US\",\"@id\":\"https:\/\/www.begal.hr\/?page_id=3058#primaryimage\",\"url\":\"https:\/\/www.begal.hr\/wp-content\/uploads\/2021\/07\/20210628_145835-e1627227817903.jpg\",\"contentUrl\":\"https:\/\/www.begal.hr\/wp-content\/uploads\/2021\/07\/20210628_145835-e1627227817903.jpg\",\"width\":600,\"height\":800},{\"@type\":\"BreadcrumbList\",\"@id\":\"https:\/\/www.begal.hr\/?page_id=3058#breadcrumb\",\"itemListElement\":[{\"@type\":\"ListItem\",\"position\":1,\"name\":\"Po\u010detna stranica\",\"item\":\"https:\/\/www.begal.hr\/\"},{\"@type\":\"ListItem\",\"position\":2,\"name\":\"Metalni prozori, staklene stijene, pregrade\"}]},{\"@type\":\"WebSite\",\"@id\":\"https:\/\/www.begal.hr\/#website\",\"url\":\"https:\/\/www.begal.hr\/\",\"name\":\"Begal\",\"description\":\"Matija Bingula\",\"potentialAction\":[{\"@type\":\"SearchAction\",\"target\":{\"@type\":\"EntryPoint\",\"urlTemplate\":\"https:\/\/www.begal.hr\/?s={search_term_string}\"},\"query-input\":{\"@type\":\"PropertyValueSpecification\",\"valueRequired\":true,\"valueName\":\"search_term_string\"}}],\"inLanguage\":\"en-US\"}]}<\/script>\n<!-- \/ Yoast SEO plugin. -->","yoast_head_json":{"title":"Metalni prozori, staklene stijene, pregrade - Begal","robots":{"index":"index","follow":"follow","max-snippet":"max-snippet:-1","max-image-preview":"max-image-preview:large","max-video-preview":"max-video-preview:-1"},"canonical":"https:\/\/www.begal.hr\/?page_id=3058","og_locale":"en_US","og_type":"article","og_title":"Metalni prozori, staklene stijene, pregrade - Begal","og_description":"Prozori i vrata od tankih metalnih profila Povijesne gra\u0111evine tradicionalno su dizajnirane sa mnogim odr\u017eivim zna\u010dajkama, koje su odgovarale klimi i polo\u017eaju. Dan\u0161njom tehnologijom materijala mo\u017eemo upotpuniti sve zahtijeve povijesnih karakteristika te o\u010duvati tradiciju starih gradova. Mogu\u0107e je upotrijebiti razna toplinska svojstva i raznolikost sustava za vrata i prozore Tankim \u017eeljeznim profilima dobivamo ve\u010du prozra\u010dnost [&hellip;]","og_url":"https:\/\/www.begal.hr\/?page_id=3058","og_site_name":"Begal","article_modified_time":"2021-11-07T18:13:20+00:00","og_image":[{"width":600,"height":800,"url":"https:\/\/www.begal.hr\/wp-content\/uploads\/2021\/07\/20210628_145835-e1627227817903.jpg","type":"image\/jpeg"}],"twitter_misc":{"Est. reading time":"1 minute"},"schema":{"@context":"https:\/\/schema.org","@graph":[{"@type":"WebPage","@id":"https:\/\/www.begal.hr\/?page_id=3058","url":"https:\/\/www.begal.hr\/?page_id=3058","name":"Metalni prozori, staklene stijene, pregrade - Begal","isPartOf":{"@id":"https:\/\/www.begal.hr\/#website"},"primaryImageOfPage":{"@id":"https:\/\/www.begal.hr\/?page_id=3058#primaryimage"},"image":{"@id":"https:\/\/www.begal.hr\/?page_id=3058#primaryimage"},"thumbnailUrl":"https:\/\/www.begal.hr\/wp-content\/uploads\/2021\/07\/20210628_145835-e1627227817903-225x300.jpg","datePublished":"2021-07-11T13:09:16+00:00","dateModified":"2021-11-07T18:13:20+00:00","breadcrumb":{"@id":"https:\/\/www.begal.hr\/?page_id=3058#breadcrumb"},"inLanguage":"en-US","potentialAction":[{"@type":"ReadAction","target":["https:\/\/www.begal.hr\/?page_id=3058"]}]},{"@type":"ImageObject","inLanguage":"en-US","@id":"https:\/\/www.begal.hr\/?page_id=3058#primaryimage","url":"https:\/\/www.begal.hr\/wp-content\/uploads\/2021\/07\/20210628_145835-e1627227817903.jpg","contentUrl":"https:\/\/www.begal.hr\/wp-content\/uploads\/2021\/07\/20210628_145835-e1627227817903.jpg","width":600,"height":800},{"@type":"BreadcrumbList","@id":"https:\/\/www.begal.hr\/?page_id=3058#breadcrumb","itemListElement":[{"@type":"ListItem","position":1,"name":"Po\u010detna stranica","item":"https:\/\/www.begal.hr\/"},{"@type":"ListItem","position":2,"name":"Metalni prozori, staklene stijene, pregrade"}]},{"@type":"WebSite","@id":"https:\/\/www.begal.hr\/#website","url":"https:\/\/www.begal.hr\/","name":"Begal","description":"Matija Bingula","potentialAction":[{"@type":"SearchAction","target":{"@type":"EntryPoint","urlTemplate":"https:\/\/www.begal.hr\/?s={search_term_string}"},"query-input":{"@type":"PropertyValueSpecification","valueRequired":true,"valueName":"search_term_string"}}],"inLanguage":"en-US"}]}},"_links":{"self":[{"href":"https:\/\/www.begal.hr\/index.php?rest_route=\/wp\/v2\/pages\/3058","targetHints":{"allow":["GET"]}}],"collection":[{"href":"https:\/\/www.begal.hr\/index.php?rest_route=\/wp\/v2\/pages"}],"about":[{"href":"https:\/\/www.begal.hr\/index.php?rest_route=\/wp\/v2\/types\/page"}],"author":[{"embeddable":true,"href":"https:\/\/www.begal.hr\/index.php?rest_route=\/wp\/v2\/users\/1"}],"replies":[{"embeddable":true,"href":"https:\/\/www.begal.hr\/index.php?rest_route=%2Fwp%2Fv2%2Fcomments&post=3058"}],"version-history":[{"count":17,"href":"https:\/\/www.begal.hr\/index.php?rest_route=\/wp\/v2\/pages\/3058\/revisions"}],"predecessor-version":[{"id":3112,"href":"https:\/\/www.begal.hr\/index.php?rest_route=\/wp\/v2\/pages\/3058\/revisions\/3112"}],"wp:attachment":[{"href":"https:\/\/www.begal.hr\/index.php?rest_route=%2Fwp%2Fv2%2Fmedia&parent=3058"}],"curies":[{"name":"wp","href":"https:\/\/api.w.org\/{rel}","templated":true}]}}